737752923 composite?
False
Is 26330240941 composite?
True
Is 9426489071 a composite number?
True
Is 2268443227 prime?
True
Is 1286795303 prime?
True
Is 4539197939 prime?
False
Is 48116143 composite?
True
Is 422132059 composite?
True
Is 28633674721 a composite number?
False
Is 219384083 prime?
True
Is 44771366 prime?
False
Is 72165635 composite?
True
Is 28318599899 composite?
True
Is 862110119 a prime number?
False
Is 39982412827 prime?
False
Is 1834688837 prime?
False
Is 681894791 composite?
False
Is 2313235279 prime?
True
Is 86912237 a composite number?
False
Is 273305771 prime?
False
Is 44216687 composite?
False
Is 379626941 prime?
True
Is 526771852439 composite?
True
Is 129979051 a prime number?
True
Is 1590455659 a prime number?
False
Is 603276757 a composite number?
False
Is 29405602963 a composite number?
True
Is 679074937 composite?
False
Is 543339917 a composite number?
True
Is 275558879 composite?
False
Is 1192040763 composite?
True
Is 5766951907 a composite number?
False
Is 277651093 a composite number?
False
Is 40037082019 a composite number?
True
Is 5309171141 prime?
False
Is 33907415953 prime?
False
Is 26154018991 prime?
True
Is 16722023 prime?
True
Is 5604422393 a prime number?
True
Is 121552871 a composite number?
True
Is 368810207 composite?
False
Is 2127488303 prime?
True
Is 1359286403 a composite number?
True
Is 22144191889 a composite number?
False
Is 418406251 a prime number?
True
Is 8937249619 a composite number?
True
Is 8155809271 prime?
True
Is 1799917079 prime?
True
Is 70900984199 a composite number?
False
Is 58095223 prime?
True
Is 17832148253 composite?
False
Is 744257027 a composite number?
False
Is 2904562977 prime?
False
Is 2028699319 composite?
True
Is 1490405165 composite?
True
Is 37757405579 a composite number?
False
Is 789303421 a prime number?
False
Is 17308305089 composite?
True
Is 20423119 a composite number?
True
Is 2418093593 a prime number?
True
Is 925307819 composite?
False
Is 5853220397 prime?
False
Is 123929926751 a prime number?
False
Is 209049641 a prime number?
True
Is 719216947 prime?
True
Is 16763236505 prime?
False
Is 242259483985 a composite number?
True
Is 17537316533 a composite number?
True
Is 5334634819 prime?
False
Is 3819348461 composite?
True
Is 14373813133 composite?
False
Is 2468552101 a prime number?
False
Is 7982749189 a prime number?
True
Is 102703315277 composite?
False
Is 7589224879 a composite number?
True
Is 1657405391 a composite number?
True
Is 3527075173 composite?
False
Is 22327595743 prime?
False
Is 142520276903 prime?
False
Is 3936903293 composite?
True
Is 153253294195 composite?
True
Is 7601627723 a composite number?
True
Is 6226497379 composite?
False
Is 207083929 a composite number?
True
Is 200834819 a composite number?
True
Is 1537870955 a composite number?
True
Is 22410389739 a prime number?
False
Is 2088157531 a composite number?
False
Is 22184161327 composite?
False
Is 4536650051 a prime number?
True
Is 4940728427 composite?
True
Is 118540802929 prime?
True
Is 5515779127 composite?
True
Is 32343020401 composite?
True
Is 88288631 composite?
False
Is 4790656019 a composite number?
True
Is 3890386531 composite?
True
Is 9312300399 a composite number?
True
Is 102314518393 a prime number?
True
Is 30135154769 prime?
False
Is 27682097 composite?
False
Is 21368060066 prime?
False
Is 98972649326 a composite number?
True
Is 12971500933 prime?
True
Is 62485682201 composite?
True
Is 59198197 a composite number?
True
Is 123559322303 composite?
False
Is 63270784243 prime?
False
Is 5801377171 a composite number?
False
Is 6280303193 a prime number?
False
Is 2889865919 a composite number?
False
Is 1188030013 a composite number?
True
Is 133025205515 prime?
False
Is 24744408733 composite?
True
Is 12493688897 composite?
False
Is 16471289089 a composite number?
False
Is 1067293459 prime?
True
Is 31550369849 prime?
False
Is 1696679389 prime?
True
Is 1536796067 a prime number?
True
Is 1361356863 a composite number?
True
Is 1607617901 prime?
True
Is 2406026479 a composite number?
False
Is 85286365267 a prime number?
False
Is 701252803 a prime number?
False
Is 191553883 composite?
True
Is 34736037277 a prime number?
True
Is 469365163 prime?
False
Is 467972581 prime?
True
Is 1401876745 prime?
False
Is 6688268471 prime?
False
Is 2774284967 a composite number?
True
Is 135490567 a composite number?
False
Is 81281742803 a composite number?
False
Is 12588186887 a prime number?
True
Is 26742407873 composite?
False
Is 1634240221 composite?
False
Is 1496433137 prime?
False
Is 906789491 a prime number?
True
Is 40452778186 a prime number?
False
Is 75547025909 a composite number?
True
Is 2368453621 prime?
False
Is 13589584447 a composite number?
False
Is 106864404901 a prime number?
False
Is 554721577 composite?
True
Is 8325018941 composite?
False
Is 1951728239 composite?
True
Is 301374533 prime?
False
Is 72364485961 a prime number?
True
Is 48564695129 prime?
True
Is 55945917383 a composite number?
False
Is 1419604553 a composite number?
False
Is 42700934063 prime?
False
Is 48761121923 prime?
False
Is 8208351233 prime?
True
Is 1724695663 prime?
False
Is 51824497343 a composite number?
True
Is 517033549 composite?
False
Is 1966402567 a prime number?
True
Is 294933773 composite?
False
Is 81292538893 a prime number?
False
Is 510246119 a composite number?
True
Is 3383405609 a prime number?
False
Is 18292362901 a prime number?
True
Is 18350399149 a prime number?
False
Is 3087329303 a prime number?
True
Is 457945837 composite?
False
Is 2046145966 composite?
True
Is 9499680557 a composite number?
False
Is 4624006767 prime?
False
Is 21444418535 prime?
False
Is 3434919779 a prime number?
True
Is 92302947701 composite?
True
Is 13063863727 a composite number?
True
Is 13064153263 composite?
True
Is 2389803011 prime?
True
Is 82154624297 prime?
True
Is 98699152361 composite?
True
Is 2437426843 prime?
False
Is 26159181941 a prime number?
True
Is 3367705897 a composite number?
True
Is 9268837163 a prime number?
True
Is 55502898271 composite?
False
Is 124533371 prime?
True
Is 742128341 prime?
False
Is 6483181433 a composite number?
False
Is 45486321203 composite?
False
Is 8262771333 a composite number?
True
Is 308240291 a composite number?
False
Is 6556736419 prime?
True
Is 775756697 composite?
True
Is 261300199 a prime number?
True
Is 9067628021 a prime number?
True
Is 32740362953 composite?
False
Is 19088404193 composite?
True
Is 2053016771 composite?
True
Is 1370750461 a prime number?
True
Is 18994822921 composite?
True
Is 51895873273 prime?
True
Is 10260976017 composite?
True
Is 2896050191 a prime number?
True
Is 55119174563 composite?
False
Is 1001486687 prime?
True
Is 114103193 prime?
False
Is 753464653 a composite number?
True
Is 5925937247 prime?
True
Is 516456469 a composite number?
False
Is 161202830111 a composite number?
True
Is 86268900659 composite?
False
Is 10150287218 composite?
True
Is 75147179 composite?
True
Is 330111191 a composite number?
False
Is 1274993999 a prime number?
False
Is 253350761 prime?
True
Is 29776121 a composite number?
False
Is 79366783697 a prime number?
True
Is 2407573981 composite?
True
Is 1404150697 prime?
True
Is 2129931187 composite?
True
Is 2526055901 a prime number?
False
Is 809231597 a composite number?
False
Is 331310797 a prime number?
True
Is 1432748059 composite?
False
Is 38737653217 prime?
True
Is 69945384707 composite?
True
Is 202153423 a composite number?
False
Is 2356875349 composite?
True
Is 137893554665 composite?
True
Is 1069647434 composite?
True
Is 22354083901 a prime number?
True
Is 6309413585 a composite number?
True
Is 874036277 composite?
False
Is 1182319993 composite?
True
Is 3442010305 prime?
False
Is 2091147533 a prime number?
False
Is 956424107 a prime number?
True
Is 4990167311 a prime number?
True
Is 1398109829 a composite number?
True
Is 107461720967 prime?
True
Is 5316912229 prime?
False
Is 1047753857 composite?
False
Is 55140073 a prime number?
False
Is 126244871 composite?
False
Is 3820387723 a prime number?
False
Is 2224671247 a composite number?
False
Is 641737489 a prime number?
True
Is 4347606343 a prime number?
False
Is 46123927061 a composite number?
False
Is 3057224041 a composite number?
True
Is 1416355273 composite?
True
Is 3474123264